2215671 a prime number?
True
Is 38840242349 prime?
False
Is 2935936271 a composite number?
True
Is 47272321 composite?
True
Is 833402363 composite?
True
Is 45803636839 a composite number?
True
Is 74187921 prime?
False
Is 15487292957 a composite number?
True
Is 832710479 a composite number?
False
Is 398724714437 prime?
False
Is 311693807 a prime number?
True
Is 2225205377 a composite number?
False
Is 72195456089 prime?
True
Is 20687730601 a prime number?
True
Is 563331773 a composite number?
False
Is 10513434721 prime?
True
Is 9188086223 a composite number?
False
Is 296390771 a prime number?
True
Is 294177031 prime?
True
Is 1611555343 composite?
True
Is 13464157957 composite?
True
Is 5447623193 prime?
True
Is 180887450971 a prime number?
False
Is 1080269447 composite?
False
Is 748038587 a prime number?
False
Is 89462647411 prime?
False
Is 25434855427 a prime number?
True
Is 5353230427 composite?
True
Is 3421609153 prime?
False
Is 274386829 composite?
True
Is 1509336265 a prime number?
False
Is 64128823459 prime?
False
Is 14732292433 a composite number?
False
Is 766147507 a prime number?
False
Is 31501703777 a prime number?
True
Is 28384127234 prime?
False
Is 110094946937 prime?
True
Is 220314598283 composite?
True
Is 9327882761 a prime number?
True
Is 7457147517 a composite number?
True
Is 59069832842 a prime number?
False
Is 888424399 a prime number?
False
Is 2462934031 prime?
True
Is 2320164751 prime?
True
Is 757362491 composite?
False
Is 10269762823 composite?
False
Is 796034453 composite?
True
Is 4427383913 prime?
False
Is 3112513631 prime?
False
Is 644446037 prime?
True
Is 10606761181 a composite number?
False
Is 15176534273 a prime number?
False
Is 502372369 composite?
True
Is 48509500469 a composite number?
False
Is 78168821 composite?
True
Is 63261093067 prime?
True
Is 71567772523 a prime number?
False
Is 16324373194 prime?
False
Is 492664397 a prime number?
False
Is 125251703 a composite number?
False
Is 2873233721 composite?
True
Is 22698064399 prime?
False
Is 6344581339 a composite number?
True
Is 107332142777 composite?
False
Is 1268028527 a prime number?
True
Is 12157470209 a composite number?
True
Is 212819389 prime?
True
Is 122026223213 a composite number?
False
Is 188012536781 composite?
True
Is 235591787 a composite number?
False
Is 1655141771 a prime number?
True
Is 6470598949 a prime number?
False
Is 1237337443 a prime number?
False
Is 131326277 a prime number?
True
Is 820953431 a composite number?
True
Is 14060564839 a composite number?
False
Is 6099573461 composite?
False
Is 11113959221 composite?
False
Is 701353481 composite?
False
Is 17539550234 prime?
False
Is 1231533041 a composite number?
False
Is 297179203 prime?
False
Is 92123729 prime?
False
Is 1740136369 prime?
False
Is 3541625231 a prime number?
True
Is 3871549606 prime?
False
Is 82598821 a prime number?
True
Is 53175821983 a prime number?
False
Is 73835994809 a composite number?
False
Is 5213017559 a composite number?
True
Is 9088963699 a composite number?
False
Is 10803275377 prime?
False
Is 20388588379 a composite number?
False
Is 38972815439 composite?
False
Is 2843786167 composite?
False
Is 1839260561 prime?
False
Is 41200342921 composite?
False
Is 17928917431 prime?
False
Is 485514017 a composite number?
True
Is 1524342931 composite?
False
Is 218844447 a composite number?
True
Is 5769683071 composite?
False
Is 25418143563 a prime number?
False
Is 11215118011 prime?
False
Is 8429999321 composite?
True
Is 643803893 a prime number?
False
Is 3022241531 composite?
False
Is 9859015589 composite?
False
Is 1844293351 a composite number?
False
Is 248519177 a composite number?
False
Is 13599298789 a prime number?
True
Is 21025509133 a prime number?
False
Is 899273197 a composite number?
True
Is 42546832169 composite?
True
Is 1675899643 a composite number?
True
Is 6285291163 a prime number?
False
Is 5293861417 prime?
False
Is 40926577 prime?
True
Is 39939217037 prime?
False
Is 3891475733 prime?
False
Is 691898611 a composite number?
False
Is 207993607 a composite number?
False
Is 111598763 composite?
False
Is 209967169 composite?
True
Is 56565086597 a composite number?
False
Is 7618674643 prime?
True
Is 18331811 composite?
False
Is 46421416649 prime?
False
Is 618920999 a prime number?
True
Is 4806625679 a prime number?
False
Is 1182956122 a prime number?
False
Is 39776666233 composite?
True
Is 4773578153 a prime number?
True
Is 1090640743 prime?
False
Is 94359431873 composite?
True
Is 343836509 composite?
True
Is 3690192235 a prime number?
False
Is 115043757083 a composite number?
False
Is 454432637 composite?
True
Is 8337245717 a prime number?
False
Is 90722786669 a prime number?
True
Is 15740779627 prime?
True
Is 25366586927 a composite number?
True
Is 5166855817 prime?
False
Is 64071686759 a composite number?
True
Is 1950645259 composite?
True
Is 10779599509 prime?
False
Is 7543268207 composite?
False
Is 2948455579 a prime number?
True
Is 6627542623 composite?
True
Is 17664287627 prime?
False
Is 17640302189 a composite number?
True
Is 16840568909 a prime number?
False
Is 29057393665 a composite number?
True
Is 184157279 prime?
False
Is 77632903 composite?
False
Is 1705342423 a prime number?
True
Is 1975822633 a composite number?
False
Is 295194266 prime?
False
Is 17006662571 prime?
True
Is 130080896723 a composite number?
True
Is 150079249 composite?
False
Is 1015277699 composite?
True
Is 1098312707 a composite number?
False
Is 20323216723 prime?
False
Is 4992661 prime?
True
Is 17850994529 composite?
False
Is 13484355737 prime?
True
Is 6100794577 prime?
True
Is 554734483 prime?
True
Is 230859947 a composite number?
True
Is 5529939413 a composite number?
True
Is 58457562121 a prime number?
False
Is 22964440661 a prime number?
True
Is 20655758309 composite?
False
Is 12548733163 a prime number?
True
Is 1206719693 a prime number?
True
Is 900443281 a composite number?
False
Is 138498826261 composite?
False
Is 1212244093 a prime number?
False
Is 7150274189 a composite number?
True
Is 3971377 composite?
False
Is 1695923059 composite?
False
Is 1768720117 a prime number?
True
Is 21795976463 a prime number?
True
Is 37247333213 a prime number?
True
Is 112243026481 a prime number?
False
Is 62675911601 prime?
True
Is 208941217 a composite number?
False
Is 137838937 prime?
True
Is 7001561773 prime?
False
Is 11152457237 composite?
True
Is 3053216759 composite?
False
Is 71414126671 composite?
True
Is 9045226019 a composite number?
True
Is 151423447141 a composite number?
False
Is 6712317649 a composite number?
True
Is 23537617559 prime?
True
Is 18899813201 composite?
False
Is 729896669 composite?
True
Is 1076245451 prime?
True
Is 6785445487 a prime number?
False
Is 1011614959 composite?
False
Is 7770303689 a prime number?
True
Is 26815414861 a prime number?
True
Is 24013472149 a composite number?
True
Is 969146021 a prime number?
True
Is 992132777 a composite number?
False
Is 5369238755 a composite number?
True
Is 756354077 a composite number?
False
Is 3617891041 a composite number?
False
Is 2589158903 prime?
False
Is 10189014137 a prime number?
False
Is 1191630373 prime?
True
Is 97104612074 a composite number?
True
Is 4038393479 a composite number?
True
Is 3027292771 a composite number?
False
Is 14459311 a composite number?
False
Is 40445236547 a prime number?
True
Is 2569523951 composite?
False
Is 32556334399 composite?
True
Is 18279992249 prime?
False
Is 859502663 prime?
False
Is 50606683 a composite number?
False
Is 1456060163 prime?
True
Is 36508957049 a prime number?
False
Is 995923895 composite?
True
Is 41952917053 prime?
True
Is 17056644443 a composite number?
False
Is 5752790129 composite?
False
Is 5079262471 prime?
True
Is 4357837823 prime?
True
Is 3730017721 prime?
True
Is 8213331751 a composite number?
False
Is 1771278329 prime?
True
Is 709467557 a composite number?
False
Is 168111699281 prime?
True
Is 121848547973 a prime number?
True
Is 11513004485 a prime number?
False
Is 110759000713 a prime number?
True
Is 625229629 composite?
False
Is 1502271383 a composite number?
True
Is 18370254971 a composite number?
False
Is 11725580149 composite?
False
Is 968558393 a composite number?
True
Is 18650598011 prime?
False
Is 4835800753 a composite number?
True
Is 10148754522